{"id":209,"date":"2025-10-21T05:40:22","date_gmt":"2025-10-21T05:40:22","guid":{"rendered":"https:\/\/lebensraum-oberlaa.at\/?page_id=209"},"modified":"2025-12-05T05:52:24","modified_gmt":"2025-12-05T05:52:24","slug":"rothneusiedl","status":"publish","type":"page","link":"https:\/\/lebensraum-oberlaa.at\/index.php\/rothneusiedl\/","title":{"rendered":"Rothneusiedl"},"content":{"rendered":"\t\t<div data-elementor-type=\"wp-page\" data-elementor-id=\"209\" class=\"elementor elementor-209\">\n\t\t\t\t<div class=\"elementor-element elementor-element-9342911 animated-slow e-flex e-con-boxed elementor-invisible e-con e-parent\" data-id=\"9342911\" data-element_type=\"container\" data-e-type=\"container\" data-settings=\"{&quot;animation&quot;:&quot;slideInUp&quot;,&quot;animation_delay&quot;:200}\">\n\t\t\t\t\t<div class=\"e-con-inner\">\n\t\t\t\t<div class=\"elementor-element elementor-element-65b242e elementor-widget elementor-widget-text-editor\" data-id=\"65b242e\" data-element_type=\"widget\" data-e-type=\"widget\" data-widget_type=\"text-editor.default\">\n\t\t\t\t\t\t\t\t\t<h5>Rothneusiedl<\/h5><p>F\u00fcr diese Region gibt es Pl\u00e4ne f\u00fcr nachhaltige und \u00f6kologische Nutzung als ein essbares Stadtdorf, Stadt-Landwirtschaft, Erhalt des Haschahofs. \u00a0Au\u00dferdem treten wir f\u00fcr den Ausbau der Pottendorfer Linie ein.<\/p>\t\t\t\t\t\t\t\t<\/div>\n\t\t\t\t\t<\/div>\n\t\t\t\t<\/div>\n\t\t<div class=\"elementor-element elementor-element-9b3fa8c animated-slow e-flex e-con-boxed elementor-invisible e-con e-parent\" data-id=\"9b3fa8c\" data-element_type=\"container\" data-e-type=\"container\" data-settings=\"{&quot;animation&quot;:&quot;slideInUp&quot;,&quot;animation_delay&quot;:400}\">\n\t\t\t\t\t<div class=\"e-con-inner\">\n\t\t<div class=\"elementor-element elementor-element-aa73f57 e-con-full e-flex e-con e-child\" data-id=\"aa73f57\" data-element_type=\"container\" data-e-type=\"container\">\n\t\t\t\t<div class=\"elementor-element elementor-element-2a33d4e elementor-widget elementor-widget-image\" data-id=\"2a33d4e\" data-element_type=\"widget\" data-e-type=\"widget\" data-widget_type=\"image.default\">\n\t\t\t\t\t\t\t\t\t\t\t\t<figure class=\"wp-caption\">\n\t\t\t\t\t\t\t\t\t\t<img fetchpriority=\"high\" decoding=\"async\" width=\"1024\" height=\"680\" src=\"https:\/\/lebensraum-oberlaa.at\/wp-content\/uploads\/2025\/12\/Rothneusiedl-2-1024x680.jpg\" class=\"attachment-large size-large wp-image-798\" alt=\"\" srcset=\"https:\/\/lebensraum-oberlaa.at\/wp-content\/uploads\/2025\/12\/Rothneusiedl-2-1024x680.jpg 1024w, https:\/\/lebensraum-oberlaa.at\/wp-content\/uploads\/2025\/12\/Rothneusiedl-2-300x199.jpg 300w, https:\/\/lebensraum-oberlaa.at\/wp-content\/uploads\/2025\/12\/Rothneusiedl-2-768x510.jpg 768w, https:\/\/lebensraum-oberlaa.at\/wp-content\/uploads\/2025\/12\/Rothneusiedl-2-1536x1020.jpg 1536w, https:\/\/lebensraum-oberlaa.at\/wp-content\/uploads\/2025\/12\/Rothneusiedl-2-2048x1360.jpg 2048w\" sizes=\"(max-width: 1024px) 100vw, 1024px\" \/>\t\t\t\t\t\t\t\t\t\t\t<figcaption class=\"widget-image-caption wp-caption-text\">Felder in Rothneusiedl<\/figcaption>\n\t\t\t\t\t\t\t\t\t\t<\/figure>\n\t\t\t\t\t\t\t\t\t<\/div>\n\t\t\t\t<\/div>\n\t\t<div class=\"elementor-element elementor-element-abbc608 e-con-full e-flex e-con e-child\" data-id=\"abbc608\" data-element_type=\"container\" data-e-type=\"container\">\n\t\t\t\t<div class=\"elementor-element elementor-element-1be3ad1 elementor-widget elementor-widget-image\" data-id=\"1be3ad1\" data-element_type=\"widget\" data-e-type=\"widget\" data-widget_type=\"image.default\">\n\t\t\t\t\t\t\t\t\t\t\t\t<figure class=\"wp-caption\">\n\t\t\t\t\t\t\t\t\t\t<img decoding=\"async\" width=\"1024\" height=\"683\" src=\"https:\/\/lebensraum-oberlaa.at\/wp-content\/uploads\/2025\/12\/Rothneusiedl-1024x683.jpg\" class=\"attachment-large size-large wp-image-799\" alt=\"\" srcset=\"https:\/\/lebensraum-oberlaa.at\/wp-content\/uploads\/2025\/12\/Rothneusiedl-1024x683.jpg 1024w, https:\/\/lebensraum-oberlaa.at\/wp-content\/uploads\/2025\/12\/Rothneusiedl-300x200.jpg 300w, https:\/\/lebensraum-oberlaa.at\/wp-content\/uploads\/2025\/12\/Rothneusiedl-768x512.jpg 768w, https:\/\/lebensraum-oberlaa.at\/wp-content\/uploads\/2025\/12\/Rothneusiedl-1536x1024.jpg 1536w, https:\/\/lebensraum-oberlaa.at\/wp-content\/uploads\/2025\/12\/Rothneusiedl-2048x1365.jpg 2048w\" sizes=\"(max-width: 1024px) 100vw, 1024px\" \/>\t\t\t\t\t\t\t\t\t\t\t<figcaption class=\"widget-image-caption wp-caption-text\">Kirche in Rothneusield<\/figcaption>\n\t\t\t\t\t\t\t\t\t\t<\/figure>\n\t\t\t\t\t\t\t\t\t<\/div>\n\t\t\t\t<\/div>\n\t\t\t\t\t<\/div>\n\t\t\t\t<\/div>\n\t\t\t\t<\/div>\n\t\t","protected":false},"excerpt":{"rendered":"<p>Rothneusiedl F\u00fcr diese Region gibt es Pl\u00e4ne f\u00fcr nachhaltige und \u00f6kologische Nutzung als ein essbares Stadtdorf, Stadt-Landwirtschaft, Erhalt des Haschahofs. \u00a0Au\u00dferdem treten wir f\u00fcr den Ausbau der Pottendorfer Linie ein. Felder in Rothneusiedl Kirche in Rothneusield<\/p>\n","protected":false},"author":1,"featured_media":0,"parent":0,"menu_order":0,"comment_status":"closed","ping_status":"closed","template":"","meta":{"footnotes":""},"class_list":["post-209","page","type-page","status-publish","hentry"],"blocksy_meta":[],"_links":{"self":[{"href":"https:\/\/lebensraum-oberlaa.at\/index.php\/wp-json\/wp\/v2\/pages\/209","targetHints":{"allow":["GET"]}}],"collection":[{"href":"https:\/\/lebensraum-oberlaa.at\/index.php\/wp-json\/wp\/v2\/pages"}],"about":[{"href":"https:\/\/lebensraum-oberlaa.at\/index.php\/wp-json\/wp\/v2\/types\/page"}],"author":[{"embeddable":true,"href":"https:\/\/lebensraum-oberlaa.at\/index.php\/wp-json\/wp\/v2\/users\/1"}],"replies":[{"embeddable":true,"href":"https:\/\/lebensraum-oberlaa.at\/index.php\/wp-json\/wp\/v2\/comments?post=209"}],"version-history":[{"count":16,"href":"https:\/\/lebensraum-oberlaa.at\/index.php\/wp-json\/wp\/v2\/pages\/209\/revisions"}],"predecessor-version":[{"id":802,"href":"https:\/\/lebensraum-oberlaa.at\/index.php\/wp-json\/wp\/v2\/pages\/209\/revisions\/802"}],"wp:attachment":[{"href":"https:\/\/lebensraum-oberlaa.at\/index.php\/wp-json\/wp\/v2\/media?parent=209"}],"curies":[{"name":"wp","href":"https:\/\/api.w.org\/{rel}","templated":true}]}}

<div data-elementor-type="wp-page" data-elementor-id="209" class="elementor elementor-209">
				<div class="elementor-element elementor-element-9342911 animated-slow e-flex e-con-boxed elementor-invisible e-con e-parent" data-id="9342911" data-element_type="container" data-e-type="container" data-settings="{&quot;animation&quot;:&quot;slideInUp&quot;,&quot;animation_delay&quot;:200}">
					<div class="e-con-inner">
				<div class="elementor-element elementor-element-65b242e elementor-widget elementor-widget-text-editor" data-id="65b242e" data-element_type="widget" data-e-type="widget" data-widget_type="text-editor.default">
									<h5>Rothneusiedl</h5><p>Für diese Region gibt es Pläne für nachhaltige und ökologische Nutzung als ein essbares Stadtdorf, Stadt-Landwirtschaft, Erhalt des Haschahofs.  Außerdem treten wir für den Ausbau der Pottendorfer Linie ein.</p>								</div>
					</div>
				</div>
		<div class="elementor-element elementor-element-9b3fa8c animated-slow e-flex e-con-boxed elementor-invisible e-con e-parent" data-id="9b3fa8c" data-element_type="container" data-e-type="container" data-settings="{&quot;animation&quot;:&quot;slideInUp&quot;,&quot;animation_delay&quot;:400}">
					<div class="e-con-inner">
		<div class="elementor-element elementor-element-aa73f57 e-con-full e-flex e-con e-child" data-id="aa73f57" data-element_type="container" data-e-type="container">
				<div class="elementor-element elementor-element-2a33d4e elementor-widget elementor-widget-image" data-id="2a33d4e" data-element_type="widget" data-e-type="widget" data-widget_type="image.default">
												<figure class="wp-caption">
										<img fetchpriority="high" decoding="async" width="1024" height="680" src="https://lebensraum-oberlaa.at/wp-content/uploads/2025/12/Rothneusiedl-2-1024x680.jpg" class="attachment-large size-large wp-image-798" alt="" srcset="https://lebensraum-oberlaa.at/wp-content/uploads/2025/12/Rothneusiedl-2-1024x680.jpg 1024w, https://lebensraum-oberlaa.at/wp-content/uploads/2025/12/Rothneusiedl-2-300x199.jpg 300w, https://lebensraum-oberlaa.at/wp-content/uploads/2025/12/Rothneusiedl-2-768x510.jpg 768w, https://lebensraum-oberlaa.at/wp-content/uploads/2025/12/Rothneusiedl-2-1536x1020.jpg 1536w, https://lebensraum-oberlaa.at/wp-content/uploads/2025/12/Rothneusiedl-2-2048x1360.jpg 2048w" sizes="(max-width: 1024px) 100vw, 1024px" />											<figcaption class="widget-image-caption wp-caption-text">Felder in Rothneusiedl</figcaption>
										</figure>
									</div>
				</div>
		<div class="elementor-element elementor-element-abbc608 e-con-full e-flex e-con e-child" data-id="abbc608" data-element_type="container" data-e-type="container">
				<div class="elementor-element elementor-element-1be3ad1 elementor-widget elementor-widget-image" data-id="1be3ad1" data-element_type="widget" data-e-type="widget" data-widget_type="image.default">
												<figure class="wp-caption">
										<img decoding="async" width="1024" height="683" src="https://lebensraum-oberlaa.at/wp-content/uploads/2025/12/Rothneusiedl-1024x683.jpg" class="attachment-large size-large wp-image-799" alt="" srcset="https://lebensraum-oberlaa.at/wp-content/uploads/2025/12/Rothneusiedl-1024x683.jpg 1024w, https://lebensraum-oberlaa.at/wp-content/uploads/2025/12/Rothneusiedl-300x200.jpg 300w, https://lebensraum-oberlaa.at/wp-content/uploads/2025/12/Rothneusiedl-768x512.jpg 768w, https://lebensraum-oberlaa.at/wp-content/uploads/2025/12/Rothneusiedl-1536x1024.jpg 1536w, https://lebensraum-oberlaa.at/wp-content/uploads/2025/12/Rothneusiedl-2048x1365.jpg 2048w" sizes="(max-width: 1024px) 100vw, 1024px" />											<figcaption class="widget-image-caption wp-caption-text">Kirche in Rothneusield</figcaption>
										</figure>
									</div>
				</div>
					</div>
				</div>
				</div>

<p>Rothneusiedl Für diese Region gibt es Pläne für nachhaltige und ökologische Nutzung als ein essbares Stadtdorf, Stadt-Landwirtschaft, Erhalt des Haschahofs.  Außerdem treten wir für den Ausbau der Pottendorfer Linie ein. Felder in Rothneusiedl Kirche in Rothneusield</p>
