{"id":89,"date":"2025-10-20T18:25:28","date_gmt":"2025-10-20T18:25:28","guid":{"rendered":"https:\/\/lebensraum-oberlaa.at\/?page_id=89"},"modified":"2025-10-22T06:33:39","modified_gmt":"2025-10-22T06:33:39","slug":"mitglied-werden","status":"publish","type":"page","link":"https:\/\/lebensraum-oberlaa.at\/index.php\/mitglied-werden\/","title":{"rendered":"Mitglied werden"},"content":{"rendered":"\t\t<div data-elementor-type=\"wp-page\" data-elementor-id=\"89\" class=\"elementor elementor-89\">\n\t\t\t\t<div class=\"elementor-element elementor-element-68b1f90 e-flex e-con-boxed e-con e-parent\" data-id=\"68b1f90\" data-element_type=\"container\" data-e-type=\"container\">\n\t\t\t\t\t<div class=\"e-con-inner\">\n\t\t\t\t<div class=\"elementor-element elementor-element-fc13fbc elementor-widget elementor-widget-text-editor\" data-id=\"fc13fbc\" data-element_type=\"widget\" data-e-type=\"widget\" data-widget_type=\"text-editor.default\">\n\t\t\t\t\t\t\t\t\t<p style=\"text-align: center;\">Mit lediglich 25 Euro j\u00e4hrlich kannst du Vereinsmitglied werden und einen wertvollen Beitrag<br \/><span style=\"font-family: inherit; font-size: inherit; font-style: inherit; font-variant-caps: inherit; text-align: var(--text-align); letter-spacing: var(--theme-letter-spacing); text-transform: var(--theme-text-transform); text-decoration: var(--theme-text-decoration);\">zum Erhalt unseres Dorfes leisten. <br \/>Falls du dar\u00fcber hinaus auch aktiv mitarbeiten m\u00f6chtest,\u00a0<\/span><span style=\"font-family: inherit; font-size: inherit; font-style: inherit; font-variant-caps: inherit; text-align: var(--text-align); letter-spacing: var(--theme-letter-spacing); text-transform: var(--theme-text-transform); text-decoration: var(--theme-text-decoration);\">dann melde dich bitte <\/span><a style=\"font-family: inherit; font-size: inherit; font-style: inherit; font-variant-caps: inherit; text-align: var(--text-align); letter-spacing: var(--theme-letter-spacing); text-transform: var(--theme-text-transform);\" href=\"https:\/\/lebensraum-oberlaa.at\/index.php\/kontakt\/\"><b>hier bei uns<\/b>.<\/a><\/p>\t\t\t\t\t\t\t\t<\/div>\n\t\t\t\t\t<\/div>\n\t\t\t\t<\/div>\n\t\t<div class=\"elementor-element elementor-element-29fc650 animated-slow e-flex e-con-boxed elementor-invisible e-con e-parent\" data-id=\"29fc650\" data-element_type=\"container\" data-e-type=\"container\" data-settings=\"{&quot;animation&quot;:&quot;slideInUp&quot;,&quot;animation_delay&quot;:200}\">\n\t\t\t\t\t<div class=\"e-con-inner\">\n\t\t\t\t<div class=\"elementor-element elementor-element-f96ca5a elementor-widget elementor-widget-html\" data-id=\"f96ca5a\" data-element_type=\"widget\" data-e-type=\"widget\" data-widget_type=\"html.default\">\n\t\t\t\t\t<div class=\"iframe-wrapper\">\n  <iframe\n    scrolling=\"no\"\n    src=\"https:\/\/formular.vereinsplaner.com\/embed\/ad5eb1c1-e0d7-4f2c-9213-99a862e01b6e\">\n  <\/iframe>\n<\/div>\n\n<style>\n  \/* Make sure body doesn\u2019t restrict centering *\/\n  body {\n    margin: 0;\n    padding: 0;\n  }\n\n  \/* Center iframe horizontally *\/\n  .iframe-wrapper {\n    display: flex;\n    justify-content: center;\n  }\n\n  .iframe-wrapper iframe {\n    width: 824px;\n    height: 1410px;\n    border: none;\n  }\n\n  \/* Mobile (phones only) *\/\n  @media (max-width: 767px) {\n    .iframe-wrapper {\n      justify-content: flex-start; \/* fill full width *\/\n    }\n\n    .iframe-wrapper iframe {\n      width: 100%;\n      height: 2060px;\n    }\n  }\n<\/style>\t\t\t\t<\/div>\n\t\t\t\t\t<\/div>\n\t\t\t\t<\/div>\n\t\t\t\t<\/div>\n\t\t","protected":false},"excerpt":{"rendered":"<p>Mit lediglich 25 Euro j\u00e4hrlich kannst du Vereinsmitglied werden und einen wertvollen Beitragzum Erhalt unseres Dorfes leisten. Falls du dar\u00fcber hinaus auch aktiv mitarbeiten m\u00f6chtest,\u00a0dann melde dich bitte hier bei uns.<\/p>\n","protected":false},"author":1,"featured_media":0,"parent":0,"menu_order":0,"comment_status":"closed","ping_status":"closed","template":"","meta":{"footnotes":""},"class_list":["post-89","page","type-page","status-publish","hentry"],"blocksy_meta":[],"_links":{"self":[{"href":"https:\/\/lebensraum-oberlaa.at\/index.php\/wp-json\/wp\/v2\/pages\/89","targetHints":{"allow":["GET"]}}],"collection":[{"href":"https:\/\/lebensraum-oberlaa.at\/index.php\/wp-json\/wp\/v2\/pages"}],"about":[{"href":"https:\/\/lebensraum-oberlaa.at\/index.php\/wp-json\/wp\/v2\/types\/page"}],"author":[{"embeddable":true,"href":"https:\/\/lebensraum-oberlaa.at\/index.php\/wp-json\/wp\/v2\/users\/1"}],"replies":[{"embeddable":true,"href":"https:\/\/lebensraum-oberlaa.at\/index.php\/wp-json\/wp\/v2\/comments?post=89"}],"version-history":[{"count":25,"href":"https:\/\/lebensraum-oberlaa.at\/index.php\/wp-json\/wp\/v2\/pages\/89\/revisions"}],"predecessor-version":[{"id":404,"href":"https:\/\/lebensraum-oberlaa.at\/index.php\/wp-json\/wp\/v2\/pages\/89\/revisions\/404"}],"wp:attachment":[{"href":"https:\/\/lebensraum-oberlaa.at\/index.php\/wp-json\/wp\/v2\/media?parent=89"}],"curies":[{"name":"wp","href":"https:\/\/api.w.org\/{rel}","templated":true}]}}